4. What is the thousands digit of q?
1
Let d(i) = 11*i**2 - 83*i + 17. What is the units digit of d(-6)?
1
Suppose 0 = 5*v - 15 + 5. Suppose -i + v*k + 9 = -4, 23 = 3*i - 2*k. Suppose -6*z = -z - 3*d - 75, -i*z + 70 = -4*d. What is the units digit of z?
8
Suppose 3*m - 3*u = 3, 0 = 4*m - 0*u + 4*u - 28. Let a(j) = j. Let v be a(m). Suppose 0 = 2*l - g - 4, 0 = -v*g. What is the units digit of l?
2
Let a = -58 - -38. Let x = a + 23. What is the units digit of x?
3
Let q(s) = 6*s**2 + 7*s + 7. What is the tens digit of q(5)?
9
Let p = -5 + 69. Let c = -21 + p. What is the tens digit of c?
4
Suppose 3*t + 12 = 0, 3*o - 15*t - 3110 = -13*t. What is the units digit of o?
4
Let v(m) = -m**3 + 19*m**2 + 21*m - 11. Let o be v(19). Let d = -179 + o. What is the units digit of d?
9
Let o be 0/(0 - -4)*1. Let d(f) = o + 15 + 2*f + 8*f. What is the units digit of d(5)?
5
Let x = -23 + 43. Suppose -5*y + 0 - x = -5*r, 0 = 5*y - 3*r + 12. Suppose 5*z - 25 = -y*z. What is the units digit of z?
5
Suppose -3*k - 4*o + 0*o + 18 = 0, -2*o + 6 = 0. Let b(g) = -5*g**2 + 3*g - 5*g + 7*g**k + 5*g**2 + 3. What is the units digit of b(2)?
7
Let s(q) be the first derivative of 9*q**2/2 - q + 5. Let l = -19 + 21. What is the units digit of s(l)?
7
Let d(g) = -418*g + 23. What is the tens digit of d(-1)?
4
Suppose -f = 2 - 7. Suppose 0 = 2*j + 3 + 1, 5*h = f*j + 915. What is the hundreds digit of h?
1
Let i be (-163)/(-1) + (-9 - -7). Let v = -81 + i. What is the units digit of v?
0
Suppose -4*v + 5*f + 3470 = 149, 1653 = 2*v - f. What is the tens digit of v?
2
Suppose 0 = -a + 3*a - 4. Let f(k) = -k + 6. Let d be f(a). Suppose 2*s = g - 50, d*g + 2*s - 164 = s. What is the tens digit of g?
4
Suppose k + 63 = -4*f + 618, -2*f - 1735 = -3*k. What is the units digit of k?
5
Suppose 3*i - 3*z = 2046, 3*i - 12*z + 16*z = 2081. What is the units digit of i?
7
Let f be 4/3 - (-3)/(-9). Let m(k) = -5 - 6*k - 9*k - k**2 - f + 4*k. What is the tens digit of m(-8)?
1
Suppose 5*p - 3*p - 6 = 0. Suppose -p*i + 5*n + 13 + 1 = 0, -3*i + 3*n + 18 = 0. Suppose -2*q - i = -3*q. What is the units digit of q?
8
Let a(w) = 4*w**3 - 36*w**2 + 19*w - 24. What is the hundreds digit of a(10)?
5
What is the units digit of 970/15 - (-2 - 25/(-15))?
5
Let j(q) = 2954*q - 3006*q + 0 + 15. What is the tens digit of j(-5)?
7
Let x(g) = -7*g - 5*g**2 + 0*g + 0*g + 9 + g**3 - 2*g. Let p be x(6). Let t = p - -21. What is the units digit of t?
2
Let g be -2*2/4*1. Let t be (64 - g) + 1 + 0. Suppose -k = 2*k - t. What is the units digit of k?
2
Let t(x) = x**2 - 5*x + 4. Let i be t(5). Suppose i = -o, 5*p = p + o + 400. What is the tens digit of p?
9
Suppose 18*n + 622 - 10306 = 0. What is the tens digit of n?
3
Let w(y) = -20*y - 10. Let m(r) = -r**3 - 2*r**2 - r - 6. Let u be m(0). What is the tens digit of w(u)?
1
Suppose 2218 = 3*n + 580. What is the tens digit of n?
4
Let x be (0*2/(-8))/2. Suppose -3*j - 7 = d, j + 1 + x = -d. What is the units digit of -1 + 6/d + 1?
3
Let a(y) be the third derivative of -97*y**4/24 + 3*y**3/2 - 28*y**2. What is the hundreds digit of a(-2)?
2
Suppose -116917 = -33*z - 10294. What is the units digit of z?
1
What is the hundreds digit of 166695/195 + 2 + 24/(-13)?
8
Suppose 0 = -4*z - 3*g + 61, -3*z - 2*z + 3*g + 56 = 0. Let h(m) = -9*m. Let j(u) = 18*u. Let y(v) = z*h(v) + 6*j(v). What is the units digit of y(-2)?
8
What is the thousands digit of 2151 + (-231)/11 + 13?
2
Let g(a) = 6*a**2 - a + 23. Let p be g(9). Suppose -14*x + p = -10*x. What is the tens digit of x?
2
Let p(h) = 4*h**2 - 21*h - 1. Let m be p(5). Let g = 38 - 12. Let s = g + m. What is the tens digit of s?
2
Let r(i) = -258*i + 24. What is the tens digit of r(-6)?
7
Let u = 13 - 7. Suppose -u*g + 239 + 163 = 0. What is the units digit of g?
7
Let l(g) = 3*g**2 + 9*g + 6. Let p be l(-4). Suppose -f - z + 7 = 0, 3*z = -4*f + 6 + p. What is the units digit of f/(-7) + 295/35?
8
Let o = 248 - 55. Let t = o + -100. What is the tens digit of t?
9
Let t(g) = -g**2 - 12*g + 3. Let u be t(-12). Suppose 48 = b - u*j - 69, 2*j - 454 = -4*b. What is the tens digit of b?
1
Let o be (3 + 2)/(20/8). Suppose 0 = c - 57 + o. What is the tens digit of c?
5
Suppose c + 6*n = 2*n + 8, 8 = -3*c + 4*n. Suppose 1045 = -c*r + 5*r. What is the hundreds digit of r?
2
Suppose -35*r = -31611 - 56694. What is the thousands digit of r?
2
Suppose -71*q + 69*q + 240 = 0. What is the tens digit of q?
2
Let k = -46 - -106. Suppose k = 2*z + 2*z. What is the units digit of z?
5
Suppose 6*t = 2*t - 8. What is the units digit of (-3828)/(-77) - t/7?
0
Suppose -14*i + 11 + 17 = 0. What is the hundreds digit of i/9 + 27659/153?
1
Suppose 2*l = 3*s + s + 16, -5*l - 2 = 4*s. Suppose -4*b + 28 = u, 66 - 10 = 3*u - 2*b. What is the units digit of l/10 + 216/u?
1
Let n(y) = -4 - 112*y + 69*y + 3. What is the tens digit of n(-4)?
7
Suppose i = 2*p - 1836, -4047 = -5*p + 5*i + 553. What is the units digit of p?
6
Let a be 6*2/(-3)*-1. Let c(v) = -39*v + 69. Let i(s) = 4*s - 7. Let n(g) = 2*c(g) + 21*i(g). What is the tens digit of n(a)?
1
What is the hundreds digit of (-90)/(10/2)*-8?
1
Suppose 18 = 5*d + 28. Let p be 2 - 6/d*1. What is the units digit of (-952)/(-40) + 1/p?
4
Suppose -5*f - 3*q = -0*q - 723, -5*f + 4*q = -716. Suppose 7*v = 2*v + 3*i + f, -v - i + 24 = 0. Suppose -3*c + v = -0*c. What is the units digit of c?
9
Let a(w) = w**2 - 3*w - 6. Let i be a(-3). Suppose -2*p = -16 - i. What is the units digit of p?
4
Let y = -33 + 83. Suppose -2*c - 3*c + y = 0. What is the units digit of -1*1*(c + -21)?
1
Suppose 4*z - 615 = 321. What is the units digit of z?
4
Let f(t) = t**3 + 4*t**2 - 6*t - 1. Let p be f(-5). Suppose 5*x - 5*v - 140 = 0, -p*v - 141 = 3*x - 8*x. What is the tens digit of x?
2
What is the hundreds digit of (-2732)/6*(-24)/16?
6
Let f = 5 + -1. Suppose f*v + 98 = 6*v. What is the units digit of v/14*(-2 - -4)?
7
Suppose 0 = -49*z + 33*z + 40256. What is the thousands digit of z?
2
Suppose n + 3*f = -1 - 0, 4*n = 3*f - 19. Let r = n + 8. Suppose r*x - 133 - 3 = 0. What is the tens digit of x?
3
Let b be (-4 - (-16)/4)/(-3). Let x be (14/(-4) + 4)*b. Suppose 10*q - 4*q - 300 = x. What is the units digit of q?
0
Let u be -5 + (3 + 83 - (-2 + -1)). Let g = -1 + 1. Suppose g*a - u = -4*a. What is the tens digit of a?
2
Suppose 0 = 4*w - 6*w + 12. Let a be (w/4)/(33/(-220)). What is the tens digit of ((-208)/a)/((-2)/(-5))?
5
Let s(u) = u**3 + 5*u**2 + 6*u + 5. Let d be s(-4). Let n be ((-72)/27)/(2/d). Suppose 19 - n = 5*m. What is the units digit of m?
3
Let z(u) be the first derivative of u**7/840 - u**6/72 + u**5/20 + 10*u**3/3 + 12. Let i(x) be the third derivative of z(x). What is the units digit of i(4)?
8
Let b = -20 - -19. What is the tens digit of ((-1)/(b/3))/(12/440)?
1
Suppose -34*d + 67103 = -56079. What is the units digit of d?
3
Let f(y) = 23*y - 10. Let j be f(4). Let n = j + -37. What is the tens digit of 172/6*n/30?
4
Let d(i) = -i**2 - 4*i + 0 + 0. Let k be d(-4). Let n = k + 24. What is the tens digit of n?
2
Let c be (7/(-3))/((-7)/21). Suppose -c*r = -4*r + j - 45, 4*r = 5*j + 79. What is the tens digit of r?
1
Let s = 1309 + -224. What is the units digit of s?
5
Let u be 9/(1*(-1)/81). Let o = 366 + u. What is the units digit of o/(-55) - 2/(-5)?
7
Let u(a) = -555*a - 265. What is the thousands digit of u(-12)?
6
Let h = 962 + -366. What is the units digit of h?
6
Let h(p) = -2*p**2 + 10*p + 13. Let g be h(6). Let x(l) = 272*l**3 - 2*l**2 - 4*l + 5. What is the hundreds digit of x(g)?
2
Let s = -22 + 12. Let x = 10 + s. Let l = x + 2. What is the units digit of l?
2
Suppose 0 = -4*r + 3*a + 89, 5*a + 0 - 5 = 0. Suppose r*h + 204 = 24*h. What is the tens digit of h?
0
Suppose 66262 + 13394 = 24*d. What is the tens digit of d?
1
Let j(i) = -4*i - 19. Let f = -47 + 31. What is the units digit of j(f)?
5
Let u be (492/8)/3 + 2/4. Suppose -4*g + 143 = -u. What is the tens digit of g?
4
Suppose 39896 + 57784 = 20*i. What is the units digit of i?
4
Let a(i) = 10*i**2 - 2*i - 73. What is the tens digit of a(9)?
1
Let i be (-735)/(-27) - 6/27. What is the units digit of (77/7)/(3/i)?
9
Let f(r) = r**2 - r + 2. Let w be f(0). Let t be (-2)/12 + (651/(-18))/(-7). Suppose -5*z + 192 = -z - t*o, w*o = -8. Wh